{"id":14,"date":"2017-08-07T12:54:55","date_gmt":"2017-08-07T12:54:55","guid":{"rendered":"http:\/\/mdspringhotel.com\/?page_id=14"},"modified":"2017-08-07T14:53:48","modified_gmt":"2017-08-07T14:53:48","slug":"odalarimiz","status":"publish","type":"page","link":"https:\/\/akdenizsoftware.com\/OtelWebSitesi-PansiyonWebSitesi\/?page_id=14","title":{"rendered":"ODALARIMIZ"},"content":{"rendered":"<p><img loading=\"lazy\" decoding=\"async\" class=\"alignnone size-full wp-image-53\" src=\"http:\/\/mdspringhotel.com\/wp-content\/uploads\/2017\/08\/odalarimiz.jpg\" alt=\"\" width=\"1600\" height=\"1063\" srcset=\"https:\/\/akdenizsoftware.com\/OtelWebSitesi-PansiyonWebSitesi\/wp-content\/uploads\/2017\/08\/odalarimiz.jpg 1600w, https:\/\/akdenizsoftware.com\/OtelWebSitesi-PansiyonWebSitesi\/wp-content\/uploads\/2017\/08\/odalarimiz-300x199.jpg 300w, https:\/\/akdenizsoftware.com\/OtelWebSitesi-PansiyonWebSitesi\/wp-content\/uploads\/2017\/08\/odalarimiz-768x510.jpg 768w, https:\/\/akdenizsoftware.com\/OtelWebSitesi-PansiyonWebSitesi\/wp-content\/uploads\/2017\/08\/odalarimiz-1024x680.jpg 1024w, https:\/\/akdenizsoftware.com\/OtelWebSitesi-PansiyonWebSitesi\/wp-content\/uploads\/2017\/08\/odalarimiz-150x100.jpg 150w, https:\/\/akdenizsoftware.com\/OtelWebSitesi-PansiyonWebSitesi\/wp-content\/uploads\/2017\/08\/odalarimiz-320x213.jpg 320w\" sizes=\"auto, (max-width: 1600px) 100vw, 1600px\" \/><\/p>\n<p>ODA \u00d6ZELL\u0130KLER\u0130M\u0130Z:<\/p>\n<ul>\n<li>Standart Odalarda 1 adet \u00e7ift ki\u015filik Yatak<\/li>\n<li>Aile Odalar\u0131nda 1 Adet \u00c7ift Ki\u015filik , 1 adet Tek Ki\u015filik Yatak Vard\u0131r.<\/li>\n<li>\u00a0(\u0130ste\u011fe G\u00f6re Be\u015fik Temin Edilir.)<\/li>\n<li>Uydu Ba\u011flant\u0131l\u0131 LCD TV<\/li>\n<li>Klima<\/li>\n<li>Emanet Kasas\u0131 (\u0130ste\u011fe G\u00f6re)<\/li>\n<li>Sa\u00e7 Kurutma Makinesi<\/li>\n<li>Kablosuz \u0130nternet Eri\u015fimi<\/li>\n<li>Mini Bar<\/li>\n<li>Elbise Dolab\u0131<\/li>\n<li>Banyo Malzemeleri<\/li>\n<li>Balkon<\/li>\n<\/ul>\n\n\t\t<style type=\"text\/css\">\n\t\t\t#gallery-1 {\n\t\t\t\tmargin: auto;\n\t\t\t}\n\t\t\t#gallery-1 .gallery-item {\n\t\t\t\tfloat: left;\n\t\t\t\tmargin-top: 10px;\n\t\t\t\ttext-align: center;\n\t\t\t\twidth: 50%;\n\t\t\t}\n\t\t\t#gallery-1 img {\n\t\t\t\tborder: 2px solid #cfcfcf;\n\t\t\t}\n\t\t\t#gallery-1 .gallery-caption {\n\t\t\t\tmargin-left: 0;\n\t\t\t}\n\t\t\t\/* see gallery_shortcode() in wp-includes\/media.php *\/\n\t\t<\/style>\n\t\t<div id='gallery-1' class='gallery galleryid-14 gallery-columns-2 gallery-size-large'><dl class='gallery-item'>\n\t\t\t<dt class='gallery-icon landscape'>\n\t\t\t\t<img loading=\"lazy\" decoding=\"async\" width=\"565\" height=\"375\" src=\"https:\/\/akdenizsoftware.com\/OtelWebSitesi-PansiyonWebSitesi\/wp-content\/uploads\/2017\/08\/0-1024x680.jpg\" class=\"attachment-large size-large\" alt=\"\" srcset=\"https:\/\/akdenizsoftware.com\/OtelWebSitesi-PansiyonWebSitesi\/wp-content\/uploads\/2017\/08\/0-1024x680.jpg 1024w, https:\/\/akdenizsoftware.com\/OtelWebSitesi-PansiyonWebSitesi\/wp-content\/uploads\/2017\/08\/0-300x199.jpg 300w, https:\/\/akdenizsoftware.com\/OtelWebSitesi-PansiyonWebSitesi\/wp-content\/uploads\/2017\/08\/0-768x510.jpg 768w, https:\/\/akdenizsoftware.com\/OtelWebSitesi-PansiyonWebSitesi\/wp-content\/uploads\/2017\/08\/0-150x100.jpg 150w, https:\/\/akdenizsoftware.com\/OtelWebSitesi-PansiyonWebSitesi\/wp-content\/uploads\/2017\/08\/0-320x213.jpg 320w, https:\/\/akdenizsoftware.com\/OtelWebSitesi-PansiyonWebSitesi\/wp-content\/uploads\/2017\/08\/0.jpg 1200w\" sizes=\"auto, (max-width: 565px) 100vw, 565px\" \/>\n\t\t\t<\/dt><\/dl><dl class='gallery-item'>\n\t\t\t<dt class='gallery-icon landscape'>\n\t\t\t\t<img loading=\"lazy\" decoding=\"async\" width=\"565\" height=\"375\" src=\"https:\/\/akdenizsoftware.com\/OtelWebSitesi-PansiyonWebSitesi\/wp-content\/uploads\/2017\/08\/1-1024x680.jpg\" class=\"attachment-large size-large\" alt=\"\" srcset=\"https:\/\/akdenizsoftware.com\/OtelWebSitesi-PansiyonWebSitesi\/wp-content\/uploads\/2017\/08\/1-1024x680.jpg 1024w, https:\/\/akdenizsoftware.com\/OtelWebSitesi-PansiyonWebSitesi\/wp-content\/uploads\/2017\/08\/1-300x199.jpg 300w, https:\/\/akdenizsoftware.com\/OtelWebSitesi-PansiyonWebSitesi\/wp-content\/uploads\/2017\/08\/1-768x510.jpg 768w, https:\/\/akdenizsoftware.com\/OtelWebSitesi-PansiyonWebSitesi\/wp-content\/uploads\/2017\/08\/1-150x100.jpg 150w, https:\/\/akdenizsoftware.com\/OtelWebSitesi-PansiyonWebSitesi\/wp-content\/uploads\/2017\/08\/1-320x213.jpg 320w, https:\/\/akdenizsoftware.com\/OtelWebSitesi-PansiyonWebSitesi\/wp-content\/uploads\/2017\/08\/1.jpg 1200w\" sizes=\"auto, (max-width: 565px) 100vw, 565px\" \/>\n\t\t\t<\/dt><\/dl><br style=\"clear: both\" \/><dl class='gallery-item'>\n\t\t\t<dt class='gallery-icon landscape'>\n\t\t\t\t<img loading=\"lazy\" decoding=\"async\" width=\"565\" height=\"375\" src=\"https:\/\/akdenizsoftware.com\/OtelWebSitesi-PansiyonWebSitesi\/wp-content\/uploads\/2017\/08\/2-1024x680.jpg\" class=\"attachment-large size-large\" alt=\"\" srcset=\"https:\/\/akdenizsoftware.com\/OtelWebSitesi-PansiyonWebSitesi\/wp-content\/uploads\/2017\/08\/2-1024x680.jpg 1024w, https:\/\/akdenizsoftware.com\/OtelWebSitesi-PansiyonWebSitesi\/wp-content\/uploads\/2017\/08\/2-300x199.jpg 300w, https:\/\/akdenizsoftware.com\/OtelWebSitesi-PansiyonWebSitesi\/wp-content\/uploads\/2017\/08\/2-768x510.jpg 768w, https:\/\/akdenizsoftware.com\/OtelWebSitesi-PansiyonWebSitesi\/wp-content\/uploads\/2017\/08\/2-150x100.jpg 150w, https:\/\/akdenizsoftware.com\/OtelWebSitesi-PansiyonWebSitesi\/wp-content\/uploads\/2017\/08\/2-320x213.jpg 320w, https:\/\/akdenizsoftware.com\/OtelWebSitesi-PansiyonWebSitesi\/wp-content\/uploads\/2017\/08\/2.jpg 1200w\" sizes=\"auto, (max-width: 565px) 100vw, 565px\" \/>\n\t\t\t<\/dt><\/dl><dl class='gallery-item'>\n\t\t\t<dt class='gallery-icon landscape'>\n\t\t\t\t<img loading=\"lazy\" decoding=\"async\" width=\"565\" height=\"375\" src=\"https:\/\/akdenizsoftware.com\/OtelWebSitesi-PansiyonWebSitesi\/wp-content\/uploads\/2017\/08\/3-1024x680.jpg\" class=\"attachment-large size-large\" alt=\"\" srcset=\"https:\/\/akdenizsoftware.com\/OtelWebSitesi-PansiyonWebSitesi\/wp-content\/uploads\/2017\/08\/3-1024x680.jpg 1024w, https:\/\/akdenizsoftware.com\/OtelWebSitesi-PansiyonWebSitesi\/wp-content\/uploads\/2017\/08\/3-300x199.jpg 300w, https:\/\/akdenizsoftware.com\/OtelWebSitesi-PansiyonWebSitesi\/wp-content\/uploads\/2017\/08\/3-768x510.jpg 768w, https:\/\/akdenizsoftware.com\/OtelWebSitesi-PansiyonWebSitesi\/wp-content\/uploads\/2017\/08\/3-150x100.jpg 150w, https:\/\/akdenizsoftware.com\/OtelWebSitesi-PansiyonWebSitesi\/wp-content\/uploads\/2017\/08\/3-320x213.jpg 320w, https:\/\/akdenizsoftware.com\/OtelWebSitesi-PansiyonWebSitesi\/wp-content\/uploads\/2017\/08\/3.jpg 1200w\" sizes=\"auto, (max-width: 565px) 100vw, 565px\" \/>\n\t\t\t<\/dt><\/dl><br style=\"clear: both\" \/><dl class='gallery-item'>\n\t\t\t<dt class='gallery-icon landscape'>\n\t\t\t\t<img loading=\"lazy\" decoding=\"async\" width=\"565\" height=\"375\" src=\"https:\/\/akdenizsoftware.com\/OtelWebSitesi-PansiyonWebSitesi\/wp-content\/uploads\/2017\/08\/4-1024x680.jpg\" class=\"attachment-large size-large\" alt=\"\" srcset=\"https:\/\/akdenizsoftware.com\/OtelWebSitesi-PansiyonWebSitesi\/wp-content\/uploads\/2017\/08\/4-1024x680.jpg 1024w, https:\/\/akdenizsoftware.com\/OtelWebSitesi-PansiyonWebSitesi\/wp-content\/uploads\/2017\/08\/4-300x199.jpg 300w, https:\/\/akdenizsoftware.com\/OtelWebSitesi-PansiyonWebSitesi\/wp-content\/uploads\/2017\/08\/4-768x510.jpg 768w, https:\/\/akdenizsoftware.com\/OtelWebSitesi-PansiyonWebSitesi\/wp-content\/uploads\/2017\/08\/4-150x100.jpg 150w, https:\/\/akdenizsoftware.com\/OtelWebSitesi-PansiyonWebSitesi\/wp-content\/uploads\/2017\/08\/4-320x213.jpg 320w, https:\/\/akdenizsoftware.com\/OtelWebSitesi-PansiyonWebSitesi\/wp-content\/uploads\/2017\/08\/4.jpg 1200w\" sizes=\"auto, (max-width: 565px) 100vw, 565px\" \/>\n\t\t\t<\/dt><\/dl><dl class='gallery-item'>\n\t\t\t<dt class='gallery-icon landscape'>\n\t\t\t\t<img loading=\"lazy\" decoding=\"async\" width=\"565\" height=\"375\" src=\"https:\/\/akdenizsoftware.com\/OtelWebSitesi-PansiyonWebSitesi\/wp-content\/uploads\/2017\/08\/DSC_0076-1024x680.jpg\" class=\"attachment-large size-large\" alt=\"\" srcset=\"https:\/\/akdenizsoftware.com\/OtelWebSitesi-PansiyonWebSitesi\/wp-content\/uploads\/2017\/08\/DSC_0076-1024x680.jpg 1024w, https:\/\/akdenizsoftware.com\/OtelWebSitesi-PansiyonWebSitesi\/wp-content\/uploads\/2017\/08\/DSC_0076-300x199.jpg 300w, https:\/\/akdenizsoftware.com\/OtelWebSitesi-PansiyonWebSitesi\/wp-content\/uploads\/2017\/08\/DSC_0076-768x510.jpg 768w, https:\/\/akdenizsoftware.com\/OtelWebSitesi-PansiyonWebSitesi\/wp-content\/uploads\/2017\/08\/DSC_0076-150x100.jpg 150w, https:\/\/akdenizsoftware.com\/OtelWebSitesi-PansiyonWebSitesi\/wp-content\/uploads\/2017\/08\/DSC_0076-320x213.jpg 320w, https:\/\/akdenizsoftware.com\/OtelWebSitesi-PansiyonWebSitesi\/wp-content\/uploads\/2017\/08\/DSC_0076.jpg 1200w\" sizes=\"auto, (max-width: 565px) 100vw, 565px\" \/>\n\t\t\t<\/dt><\/dl><br style=\"clear: both\" \/>\n\t\t<\/div>\n\n","protected":false},"excerpt":{"rendered":"<p>ODA \u00d6ZELL\u0130KLER\u0130M\u0130Z: Standart Odalarda 1 adet \u00e7ift ki\u015filik Yatak Aile Odalar\u0131nda 1 Adet \u00c7ift Ki\u015filik , 1 adet Tek Ki\u015filik Yatak Vard\u0131r. \u00a0(\u0130ste\u011fe G\u00f6re Be\u015fik Temin Edilir.) Uydu Ba\u011flant\u0131l\u0131 LCD TV Klima Emanet Kasas\u0131 (\u0130ste\u011fe G\u00f6re) Sa\u00e7 Kurutma Makinesi Kablosuz \u0130nternet Eri\u015fimi Mini Bar Elbise Dolab\u0131 Banyo Malzemeleri Balkon<\/p>\n","protected":false},"author":1,"featured_media":0,"parent":0,"menu_order":0,"comment_status":"closed","ping_status":"closed","template":"","meta":{"footnotes":""},"class_list":["post-14","page","type-page","status-publish","hentry"],"_links":{"self":[{"href":"https:\/\/akdenizsoftware.com\/OtelWebSitesi-PansiyonWebSitesi\/index.php?rest_route=\/wp\/v2\/pages\/14","targetHints":{"allow":["GET"]}}],"collection":[{"href":"https:\/\/akdenizsoftware.com\/OtelWebSitesi-PansiyonWebSitesi\/index.php?rest_route=\/wp\/v2\/pages"}],"about":[{"href":"https:\/\/akdenizsoftware.com\/OtelWebSitesi-PansiyonWebSitesi\/index.php?rest_route=\/wp\/v2\/types\/page"}],"author":[{"embeddable":true,"href":"https:\/\/akdenizsoftware.com\/OtelWebSitesi-PansiyonWebSitesi\/index.php?rest_route=\/wp\/v2\/users\/1"}],"replies":[{"embeddable":true,"href":"https:\/\/akdenizsoftware.com\/OtelWebSitesi-PansiyonWebSitesi\/index.php?rest_route=%2Fwp%2Fv2%2Fcomments&post=14"}],"version-history":[{"count":8,"href":"https:\/\/akdenizsoftware.com\/OtelWebSitesi-PansiyonWebSitesi\/index.php?rest_route=\/wp\/v2\/pages\/14\/revisions"}],"predecessor-version":[{"id":67,"href":"https:\/\/akdenizsoftware.com\/OtelWebSitesi-PansiyonWebSitesi\/index.php?rest_route=\/wp\/v2\/pages\/14\/revisions\/67"}],"wp:attachment":[{"href":"https:\/\/akdenizsoftware.com\/OtelWebSitesi-PansiyonWebSitesi\/index.php?rest_route=%2Fwp%2Fv2%2Fmedia&parent=14"}],"curies":[{"name":"wp","href":"https:\/\/api.w.org\/{rel}","templated":true}]}}