{"id":16,"date":"2017-08-07T12:55:17","date_gmt":"2017-08-07T12:55:17","guid":{"rendered":"http:\/\/mdspringhotel.com\/?page_id=16"},"modified":"2017-08-07T15:02:58","modified_gmt":"2017-08-07T15:02:58","slug":"resimlerimiz","status":"publish","type":"page","link":"https:\/\/akdenizsoftware.com\/OtelWebSitesi-PansiyonWebSitesi\/?page_id=16","title":{"rendered":"RES\u0130MLER\u0130M\u0130Z"},"content":{"rendered":"\n\t\t<style type=\"text\/css\">\n\t\t\t#gallery-1 {\n\t\t\t\tmargin: auto;\n\t\t\t}\n\t\t\t#gallery-1 .gallery-item {\n\t\t\t\tfloat: left;\n\t\t\t\tmargin-top: 10px;\n\t\t\t\ttext-align: center;\n\t\t\t\twidth: 50%;\n\t\t\t}\n\t\t\t#gallery-1 img {\n\t\t\t\tborder: 2px solid #cfcfcf;\n\t\t\t}\n\t\t\t#gallery-1 .gallery-caption {\n\t\t\t\tmargin-left: 0;\n\t\t\t}\n\t\t\t\/* see gallery_shortcode() in wp-includes\/media.php *\/\n\t\t<\/style>\n\t\t<div id='gallery-1' class='gallery galleryid-16 gallery-columns-2 gallery-size-large'><dl class='gallery-item'>\n\t\t\t<dt class='gallery-icon landscape'>\n\t\t\t\t<a href='https:\/\/akdenizsoftware.com\/OtelWebSitesi-PansiyonWebSitesi\/?attachment_id=68'><img loading=\"lazy\" decoding=\"async\" width=\"565\" height=\"375\" src=\"https:\/\/akdenizsoftware.com\/OtelWebSitesi-PansiyonWebSitesi\/wp-content\/uploads\/2017\/08\/1-1-1024x680.jpg\" class=\"attachment-large size-large\" alt=\"\" srcset=\"https:\/\/akdenizsoftware.com\/OtelWebSitesi-PansiyonWebSitesi\/wp-content\/uploads\/2017\/08\/1-1-1024x680.jpg 1024w, https:\/\/akdenizsoftware.com\/OtelWebSitesi-PansiyonWebSitesi\/wp-content\/uploads\/2017\/08\/1-1-300x199.jpg 300w, https:\/\/akdenizsoftware.com\/OtelWebSitesi-PansiyonWebSitesi\/wp-content\/uploads\/2017\/08\/1-1-768x510.jpg 768w, https:\/\/akdenizsoftware.com\/OtelWebSitesi-PansiyonWebSitesi\/wp-content\/uploads\/2017\/08\/1-1-150x100.jpg 150w, https:\/\/akdenizsoftware.com\/OtelWebSitesi-PansiyonWebSitesi\/wp-content\/uploads\/2017\/08\/1-1-320x213.jpg 320w, https:\/\/akdenizsoftware.com\/OtelWebSitesi-PansiyonWebSitesi\/wp-content\/uploads\/2017\/08\/1-1.jpg 1200w\" sizes=\"auto, (max-width: 565px) 100vw, 565px\" \/><\/a>\n\t\t\t<\/dt><\/dl><dl class='gallery-item'>\n\t\t\t<dt class='gallery-icon landscape'>\n\t\t\t\t<a href='https:\/\/akdenizsoftware.com\/OtelWebSitesi-PansiyonWebSitesi\/?attachment_id=69'><img loading=\"lazy\" decoding=\"async\" width=\"565\" height=\"375\" src=\"https:\/\/akdenizsoftware.com\/OtelWebSitesi-PansiyonWebSitesi\/wp-content\/uploads\/2017\/08\/2-1-1024x680.jpg\" class=\"attachment-large size-large\" alt=\"\" srcset=\"https:\/\/akdenizsoftware.com\/OtelWebSitesi-PansiyonWebSitesi\/wp-content\/uploads\/2017\/08\/2-1-1024x680.jpg 1024w, https:\/\/akdenizsoftware.com\/OtelWebSitesi-PansiyonWebSitesi\/wp-content\/uploads\/2017\/08\/2-1-300x199.jpg 300w, https:\/\/akdenizsoftware.com\/OtelWebSitesi-PansiyonWebSitesi\/wp-content\/uploads\/2017\/08\/2-1-768x510.jpg 768w, https:\/\/akdenizsoftware.com\/OtelWebSitesi-PansiyonWebSitesi\/wp-content\/uploads\/2017\/08\/2-1-150x100.jpg 150w, https:\/\/akdenizsoftware.com\/OtelWebSitesi-PansiyonWebSitesi\/wp-content\/uploads\/2017\/08\/2-1-320x213.jpg 320w, https:\/\/akdenizsoftware.com\/OtelWebSitesi-PansiyonWebSitesi\/wp-content\/uploads\/2017\/08\/2-1.jpg 1200w\" sizes=\"auto, (max-width: 565px) 100vw, 565px\" \/><\/a>\n\t\t\t<\/dt><\/dl><br style=\"clear: both\" \/><dl class='gallery-item'>\n\t\t\t<dt class='gallery-icon landscape'>\n\t\t\t\t<a href='https:\/\/akdenizsoftware.com\/OtelWebSitesi-PansiyonWebSitesi\/?attachment_id=70'><img loading=\"lazy\" decoding=\"async\" width=\"565\" height=\"375\" src=\"https:\/\/akdenizsoftware.com\/OtelWebSitesi-PansiyonWebSitesi\/wp-content\/uploads\/2017\/08\/3-1-1024x680.jpg\" class=\"attachment-large size-large\" alt=\"\" srcset=\"https:\/\/akdenizsoftware.com\/OtelWebSitesi-PansiyonWebSitesi\/wp-content\/uploads\/2017\/08\/3-1-1024x680.jpg 1024w, https:\/\/akdenizsoftware.com\/OtelWebSitesi-PansiyonWebSitesi\/wp-content\/uploads\/2017\/08\/3-1-300x199.jpg 300w, https:\/\/akdenizsoftware.com\/OtelWebSitesi-PansiyonWebSitesi\/wp-content\/uploads\/2017\/08\/3-1-768x510.jpg 768w, https:\/\/akdenizsoftware.com\/OtelWebSitesi-PansiyonWebSitesi\/wp-content\/uploads\/2017\/08\/3-1-150x100.jpg 150w, https:\/\/akdenizsoftware.com\/OtelWebSitesi-PansiyonWebSitesi\/wp-content\/uploads\/2017\/08\/3-1-320x213.jpg 320w, https:\/\/akdenizsoftware.com\/OtelWebSitesi-PansiyonWebSitesi\/wp-content\/uploads\/2017\/08\/3-1.jpg 1200w\" sizes=\"auto, (max-width: 565px) 100vw, 565px\" \/><\/a>\n\t\t\t<\/dt><\/dl><dl class='gallery-item'>\n\t\t\t<dt class='gallery-icon landscape'>\n\t\t\t\t<a href='https:\/\/akdenizsoftware.com\/OtelWebSitesi-PansiyonWebSitesi\/?attachment_id=71'><img loading=\"lazy\" decoding=\"async\" width=\"565\" height=\"375\" src=\"https:\/\/akdenizsoftware.com\/OtelWebSitesi-PansiyonWebSitesi\/wp-content\/uploads\/2017\/08\/4-1-1024x680.jpg\" class=\"attachment-large size-large\" alt=\"\" srcset=\"https:\/\/akdenizsoftware.com\/OtelWebSitesi-PansiyonWebSitesi\/wp-content\/uploads\/2017\/08\/4-1-1024x680.jpg 1024w, https:\/\/akdenizsoftware.com\/OtelWebSitesi-PansiyonWebSitesi\/wp-content\/uploads\/2017\/08\/4-1-300x199.jpg 300w, https:\/\/akdenizsoftware.com\/OtelWebSitesi-PansiyonWebSitesi\/wp-content\/uploads\/2017\/08\/4-1-768x510.jpg 768w, https:\/\/akdenizsoftware.com\/OtelWebSitesi-PansiyonWebSitesi\/wp-content\/uploads\/2017\/08\/4-1-150x100.jpg 150w, https:\/\/akdenizsoftware.com\/OtelWebSitesi-PansiyonWebSitesi\/wp-content\/uploads\/2017\/08\/4-1-320x213.jpg 320w, https:\/\/akdenizsoftware.com\/OtelWebSitesi-PansiyonWebSitesi\/wp-content\/uploads\/2017\/08\/4-1.jpg 1200w\" sizes=\"auto, (max-width: 565px) 100vw, 565px\" \/><\/a>\n\t\t\t<\/dt><\/dl><br style=\"clear: both\" \/><dl class='gallery-item'>\n\t\t\t<dt class='gallery-icon landscape'>\n\t\t\t\t<a href='https:\/\/akdenizsoftware.com\/OtelWebSitesi-PansiyonWebSitesi\/?attachment_id=72'><img loading=\"lazy\" decoding=\"async\" width=\"565\" height=\"375\" src=\"https:\/\/akdenizsoftware.com\/OtelWebSitesi-PansiyonWebSitesi\/wp-content\/uploads\/2017\/08\/5-1024x680.jpg\" class=\"attachment-large size-large\" alt=\"\" srcset=\"https:\/\/akdenizsoftware.com\/OtelWebSitesi-PansiyonWebSitesi\/wp-content\/uploads\/2017\/08\/5-1024x680.jpg 1024w, https:\/\/akdenizsoftware.com\/OtelWebSitesi-PansiyonWebSitesi\/wp-content\/uploads\/2017\/08\/5-300x199.jpg 300w, https:\/\/akdenizsoftware.com\/OtelWebSitesi-PansiyonWebSitesi\/wp-content\/uploads\/2017\/08\/5-768x510.jpg 768w, https:\/\/akdenizsoftware.com\/OtelWebSitesi-PansiyonWebSitesi\/wp-content\/uploads\/2017\/08\/5-150x100.jpg 150w, https:\/\/akdenizsoftware.com\/OtelWebSitesi-PansiyonWebSitesi\/wp-content\/uploads\/2017\/08\/5-320x213.jpg 320w, https:\/\/akdenizsoftware.com\/OtelWebSitesi-PansiyonWebSitesi\/wp-content\/uploads\/2017\/08\/5.jpg 1200w\" sizes=\"auto, (max-width: 565px) 100vw, 565px\" \/><\/a>\n\t\t\t<\/dt><\/dl><dl class='gallery-item'>\n\t\t\t<dt class='gallery-icon landscape'>\n\t\t\t\t<a href='https:\/\/akdenizsoftware.com\/OtelWebSitesi-PansiyonWebSitesi\/?attachment_id=73'><img loading=\"lazy\" decoding=\"async\" width=\"565\" height=\"375\" src=\"https:\/\/akdenizsoftware.com\/OtelWebSitesi-PansiyonWebSitesi\/wp-content\/uploads\/2017\/08\/6-1024x680.jpg\" class=\"attachment-large size-large\" alt=\"\" srcset=\"https:\/\/akdenizsoftware.com\/OtelWebSitesi-PansiyonWebSitesi\/wp-content\/uploads\/2017\/08\/6-1024x680.jpg 1024w, https:\/\/akdenizsoftware.com\/OtelWebSitesi-PansiyonWebSitesi\/wp-content\/uploads\/2017\/08\/6-300x199.jpg 300w, https:\/\/akdenizsoftware.com\/OtelWebSitesi-PansiyonWebSitesi\/wp-content\/uploads\/2017\/08\/6-768x510.jpg 768w, https:\/\/akdenizsoftware.com\/OtelWebSitesi-PansiyonWebSitesi\/wp-content\/uploads\/2017\/08\/6-150x100.jpg 150w, https:\/\/akdenizsoftware.com\/OtelWebSitesi-PansiyonWebSitesi\/wp-content\/uploads\/2017\/08\/6-320x213.jpg 320w, https:\/\/akdenizsoftware.com\/OtelWebSitesi-PansiyonWebSitesi\/wp-content\/uploads\/2017\/08\/6.jpg 1200w\" sizes=\"auto, (max-width: 565px) 100vw, 565px\" \/><\/a>\n\t\t\t<\/dt><\/dl><br style=\"clear: both\" \/><dl class='gallery-item'>\n\t\t\t<dt class='gallery-icon landscape'>\n\t\t\t\t<a href='https:\/\/akdenizsoftware.com\/OtelWebSitesi-PansiyonWebSitesi\/?attachment_id=74'><img loading=\"lazy\" decoding=\"async\" width=\"565\" height=\"375\" src=\"https:\/\/akdenizsoftware.com\/OtelWebSitesi-PansiyonWebSitesi\/wp-content\/uploads\/2017\/08\/7-1024x680.jpg\" class=\"attachment-large size-large\" alt=\"\" srcset=\"https:\/\/akdenizsoftware.com\/OtelWebSitesi-PansiyonWebSitesi\/wp-content\/uploads\/2017\/08\/7-1024x680.jpg 1024w, https:\/\/akdenizsoftware.com\/OtelWebSitesi-PansiyonWebSitesi\/wp-content\/uploads\/2017\/08\/7-300x199.jpg 300w, https:\/\/akdenizsoftware.com\/OtelWebSitesi-PansiyonWebSitesi\/wp-content\/uploads\/2017\/08\/7-768x510.jpg 768w, https:\/\/akdenizsoftware.com\/OtelWebSitesi-PansiyonWebSitesi\/wp-content\/uploads\/2017\/08\/7-150x100.jpg 150w, https:\/\/akdenizsoftware.com\/OtelWebSitesi-PansiyonWebSitesi\/wp-content\/uploads\/2017\/08\/7-320x213.jpg 320w, https:\/\/akdenizsoftware.com\/OtelWebSitesi-PansiyonWebSitesi\/wp-content\/uploads\/2017\/08\/7.jpg 1200w\" sizes=\"auto, (max-width: 565px) 100vw, 565px\" \/><\/a>\n\t\t\t<\/dt><\/dl><dl class='gallery-item'>\n\t\t\t<dt class='gallery-icon landscape'>\n\t\t\t\t<a href='https:\/\/akdenizsoftware.com\/OtelWebSitesi-PansiyonWebSitesi\/?attachment_id=75'><img loading=\"lazy\" decoding=\"async\" width=\"565\" height=\"375\" src=\"https:\/\/akdenizsoftware.com\/OtelWebSitesi-PansiyonWebSitesi\/wp-content\/uploads\/2017\/08\/8-1024x680.jpg\" class=\"attachment-large size-large\" alt=\"\" srcset=\"https:\/\/akdenizsoftware.com\/OtelWebSitesi-PansiyonWebSitesi\/wp-content\/uploads\/2017\/08\/8-1024x680.jpg 1024w, https:\/\/akdenizsoftware.com\/OtelWebSitesi-PansiyonWebSitesi\/wp-content\/uploads\/2017\/08\/8-300x199.jpg 300w, https:\/\/akdenizsoftware.com\/OtelWebSitesi-PansiyonWebSitesi\/wp-content\/uploads\/2017\/08\/8-768x510.jpg 768w, https:\/\/akdenizsoftware.com\/OtelWebSitesi-PansiyonWebSitesi\/wp-content\/uploads\/2017\/08\/8-150x100.jpg 150w, https:\/\/akdenizsoftware.com\/OtelWebSitesi-PansiyonWebSitesi\/wp-content\/uploads\/2017\/08\/8-320x213.jpg 320w, https:\/\/akdenizsoftware.com\/OtelWebSitesi-PansiyonWebSitesi\/wp-content\/uploads\/2017\/08\/8.jpg 1200w\" sizes=\"auto, (max-width: 565px) 100vw, 565px\" \/><\/a>\n\t\t\t<\/dt><\/dl><br style=\"clear: both\" \/><dl class='gallery-item'>\n\t\t\t<dt class='gallery-icon landscape'>\n\t\t\t\t<a href='https:\/\/akdenizsoftware.com\/OtelWebSitesi-PansiyonWebSitesi\/?attachment_id=76'><img loading=\"lazy\" decoding=\"async\" width=\"565\" height=\"375\" src=\"https:\/\/akdenizsoftware.com\/OtelWebSitesi-PansiyonWebSitesi\/wp-content\/uploads\/2017\/08\/10-1-1024x680.jpg\" class=\"attachment-large size-large\" alt=\"\" srcset=\"https:\/\/akdenizsoftware.com\/OtelWebSitesi-PansiyonWebSitesi\/wp-content\/uploads\/2017\/08\/10-1-1024x680.jpg 1024w, https:\/\/akdenizsoftware.com\/OtelWebSitesi-PansiyonWebSitesi\/wp-content\/uploads\/2017\/08\/10-1-300x199.jpg 300w, https:\/\/akdenizsoftware.com\/OtelWebSitesi-PansiyonWebSitesi\/wp-content\/uploads\/2017\/08\/10-1-768x510.jpg 768w, https:\/\/akdenizsoftware.com\/OtelWebSitesi-PansiyonWebSitesi\/wp-content\/uploads\/2017\/08\/10-1-150x100.jpg 150w, https:\/\/akdenizsoftware.com\/OtelWebSitesi-PansiyonWebSitesi\/wp-content\/uploads\/2017\/08\/10-1-320x213.jpg 320w, https:\/\/akdenizsoftware.com\/OtelWebSitesi-PansiyonWebSitesi\/wp-content\/uploads\/2017\/08\/10-1.jpg 1200w\" sizes=\"auto, (max-width: 565px) 100vw, 565px\" \/><\/a>\n\t\t\t<\/dt><\/dl><dl class='gallery-item'>\n\t\t\t<dt class='gallery-icon landscape'>\n\t\t\t\t<a href='https:\/\/akdenizsoftware.com\/OtelWebSitesi-PansiyonWebSitesi\/?attachment_id=77'><img loading=\"lazy\" decoding=\"async\" width=\"565\" height=\"375\" src=\"https:\/\/akdenizsoftware.com\/OtelWebSitesi-PansiyonWebSitesi\/wp-content\/uploads\/2017\/08\/10-2-1024x680.jpg\" class=\"attachment-large size-large\" alt=\"\" srcset=\"https:\/\/akdenizsoftware.com\/OtelWebSitesi-PansiyonWebSitesi\/wp-content\/uploads\/2017\/08\/10-2-1024x680.jpg 1024w, https:\/\/akdenizsoftware.com\/OtelWebSitesi-PansiyonWebSitesi\/wp-content\/uploads\/2017\/08\/10-2-300x199.jpg 300w, https:\/\/akdenizsoftware.com\/OtelWebSitesi-PansiyonWebSitesi\/wp-content\/uploads\/2017\/08\/10-2-768x510.jpg 768w, https:\/\/akdenizsoftware.com\/OtelWebSitesi-PansiyonWebSitesi\/wp-content\/uploads\/2017\/08\/10-2-150x100.jpg 150w, https:\/\/akdenizsoftware.com\/OtelWebSitesi-PansiyonWebSitesi\/wp-content\/uploads\/2017\/08\/10-2-320x213.jpg 320w, https:\/\/akdenizsoftware.com\/OtelWebSitesi-PansiyonWebSitesi\/wp-content\/uploads\/2017\/08\/10-2.jpg 1200w\" sizes=\"auto, (max-width: 565px) 100vw, 565px\" \/><\/a>\n\t\t\t<\/dt><\/dl><br style=\"clear: both\" \/><dl class='gallery-item'>\n\t\t\t<dt class='gallery-icon landscape'>\n\t\t\t\t<a href='https:\/\/akdenizsoftware.com\/OtelWebSitesi-PansiyonWebSitesi\/?attachment_id=78'><img loading=\"lazy\" decoding=\"async\" width=\"565\" height=\"375\" src=\"https:\/\/akdenizsoftware.com\/OtelWebSitesi-PansiyonWebSitesi\/wp-content\/uploads\/2017\/08\/10-3-1024x680.jpg\" class=\"attachment-large size-large\" alt=\"\" srcset=\"https:\/\/akdenizsoftware.com\/OtelWebSitesi-PansiyonWebSitesi\/wp-content\/uploads\/2017\/08\/10-3-1024x680.jpg 1024w, https:\/\/akdenizsoftware.com\/OtelWebSitesi-PansiyonWebSitesi\/wp-content\/uploads\/2017\/08\/10-3-300x199.jpg 300w, https:\/\/akdenizsoftware.com\/OtelWebSitesi-PansiyonWebSitesi\/wp-content\/uploads\/2017\/08\/10-3-768x510.jpg 768w, https:\/\/akdenizsoftware.com\/OtelWebSitesi-PansiyonWebSitesi\/wp-content\/uploads\/2017\/08\/10-3-150x100.jpg 150w, https:\/\/akdenizsoftware.com\/OtelWebSitesi-PansiyonWebSitesi\/wp-content\/uploads\/2017\/08\/10-3-320x213.jpg 320w, https:\/\/akdenizsoftware.com\/OtelWebSitesi-PansiyonWebSitesi\/wp-content\/uploads\/2017\/08\/10-3.jpg 1200w\" sizes=\"auto, (max-width: 565px) 100vw, 565px\" \/><\/a>\n\t\t\t<\/dt><\/dl><dl class='gallery-item'>\n\t\t\t<dt class='gallery-icon landscape'>\n\t\t\t\t<a href='https:\/\/akdenizsoftware.com\/OtelWebSitesi-PansiyonWebSitesi\/?attachment_id=79'><img loading=\"lazy\" decoding=\"async\" width=\"565\" height=\"375\" src=\"https:\/\/akdenizsoftware.com\/OtelWebSitesi-PansiyonWebSitesi\/wp-content\/uploads\/2017\/08\/10-4-1024x680.jpg\" class=\"attachment-large size-large\" alt=\"\" srcset=\"https:\/\/akdenizsoftware.com\/OtelWebSitesi-PansiyonWebSitesi\/wp-content\/uploads\/2017\/08\/10-4-1024x680.jpg 1024w, https:\/\/akdenizsoftware.com\/OtelWebSitesi-PansiyonWebSitesi\/wp-content\/uploads\/2017\/08\/10-4-300x199.jpg 300w, https:\/\/akdenizsoftware.com\/OtelWebSitesi-PansiyonWebSitesi\/wp-content\/uploads\/2017\/08\/10-4-768x510.jpg 768w, https:\/\/akdenizsoftware.com\/OtelWebSitesi-PansiyonWebSitesi\/wp-content\/uploads\/2017\/08\/10-4-150x100.jpg 150w, https:\/\/akdenizsoftware.com\/OtelWebSitesi-PansiyonWebSitesi\/wp-content\/uploads\/2017\/08\/10-4-320x213.jpg 320w, https:\/\/akdenizsoftware.com\/OtelWebSitesi-PansiyonWebSitesi\/wp-content\/uploads\/2017\/08\/10-4.jpg 1200w\" sizes=\"auto, (max-width: 565px) 100vw, 565px\" \/><\/a>\n\t\t\t<\/dt><\/dl><br style=\"clear: both\" \/><dl class='gallery-item'>\n\t\t\t<dt class='gallery-icon landscape'>\n\t\t\t\t<a href='https:\/\/akdenizsoftware.com\/OtelWebSitesi-PansiyonWebSitesi\/?attachment_id=80'><img loading=\"lazy\" decoding=\"async\" width=\"565\" height=\"375\" src=\"https:\/\/akdenizsoftware.com\/OtelWebSitesi-PansiyonWebSitesi\/wp-content\/uploads\/2017\/08\/10-5-1024x680.jpg\" class=\"attachment-large size-large\" alt=\"\" srcset=\"https:\/\/akdenizsoftware.com\/OtelWebSitesi-PansiyonWebSitesi\/wp-content\/uploads\/2017\/08\/10-5-1024x680.jpg 1024w, https:\/\/akdenizsoftware.com\/OtelWebSitesi-PansiyonWebSitesi\/wp-content\/uploads\/2017\/08\/10-5-300x199.jpg 300w, https:\/\/akdenizsoftware.com\/OtelWebSitesi-PansiyonWebSitesi\/wp-content\/uploads\/2017\/08\/10-5-768x510.jpg 768w, https:\/\/akdenizsoftware.com\/OtelWebSitesi-PansiyonWebSitesi\/wp-content\/uploads\/2017\/08\/10-5-150x100.jpg 150w, https:\/\/akdenizsoftware.com\/OtelWebSitesi-PansiyonWebSitesi\/wp-content\/uploads\/2017\/08\/10-5-320x213.jpg 320w, https:\/\/akdenizsoftware.com\/OtelWebSitesi-PansiyonWebSitesi\/wp-content\/uploads\/2017\/08\/10-5.jpg 1200w\" sizes=\"auto, (max-width: 565px) 100vw, 565px\" \/><\/a>\n\t\t\t<\/dt><\/dl><dl class='gallery-item'>\n\t\t\t<dt class='gallery-icon landscape'>\n\t\t\t\t<a href='https:\/\/akdenizsoftware.com\/OtelWebSitesi-PansiyonWebSitesi\/?attachment_id=81'><img loading=\"lazy\" decoding=\"async\" width=\"565\" height=\"375\" src=\"https:\/\/akdenizsoftware.com\/OtelWebSitesi-PansiyonWebSitesi\/wp-content\/uploads\/2017\/08\/11-1024x680.jpg\" class=\"attachment-large size-large\" alt=\"\" srcset=\"https:\/\/akdenizsoftware.com\/OtelWebSitesi-PansiyonWebSitesi\/wp-content\/uploads\/2017\/08\/11-1024x680.jpg 1024w, https:\/\/akdenizsoftware.com\/OtelWebSitesi-PansiyonWebSitesi\/wp-content\/uploads\/2017\/08\/11-300x199.jpg 300w, https:\/\/akdenizsoftware.com\/OtelWebSitesi-PansiyonWebSitesi\/wp-content\/uploads\/2017\/08\/11-768x510.jpg 768w, https:\/\/akdenizsoftware.com\/OtelWebSitesi-PansiyonWebSitesi\/wp-content\/uploads\/2017\/08\/11-150x100.jpg 150w, https:\/\/akdenizsoftware.com\/OtelWebSitesi-PansiyonWebSitesi\/wp-content\/uploads\/2017\/08\/11-320x213.jpg 320w, https:\/\/akdenizsoftware.com\/OtelWebSitesi-PansiyonWebSitesi\/wp-content\/uploads\/2017\/08\/11.jpg 1200w\" sizes=\"auto, (max-width: 565px) 100vw, 565px\" \/><\/a>\n\t\t\t<\/dt><\/dl><br style=\"clear: both\" \/><dl class='gallery-item'>\n\t\t\t<dt class='gallery-icon landscape'>\n\t\t\t\t<a href='https:\/\/akdenizsoftware.com\/OtelWebSitesi-PansiyonWebSitesi\/?attachment_id=82'><img loading=\"lazy\" decoding=\"async\" width=\"565\" height=\"375\" src=\"https:\/\/akdenizsoftware.com\/OtelWebSitesi-PansiyonWebSitesi\/wp-content\/uploads\/2017\/08\/12-1024x680.jpg\" class=\"attachment-large size-large\" alt=\"\" srcset=\"https:\/\/akdenizsoftware.com\/OtelWebSitesi-PansiyonWebSitesi\/wp-content\/uploads\/2017\/08\/12-1024x680.jpg 1024w, https:\/\/akdenizsoftware.com\/OtelWebSitesi-PansiyonWebSitesi\/wp-content\/uploads\/2017\/08\/12-300x199.jpg 300w, https:\/\/akdenizsoftware.com\/OtelWebSitesi-PansiyonWebSitesi\/wp-content\/uploads\/2017\/08\/12-768x510.jpg 768w, https:\/\/akdenizsoftware.com\/OtelWebSitesi-PansiyonWebSitesi\/wp-content\/uploads\/2017\/08\/12-150x100.jpg 150w, https:\/\/akdenizsoftware.com\/OtelWebSitesi-PansiyonWebSitesi\/wp-content\/uploads\/2017\/08\/12-320x213.jpg 320w, https:\/\/akdenizsoftware.com\/OtelWebSitesi-PansiyonWebSitesi\/wp-content\/uploads\/2017\/08\/12.jpg 1200w\" sizes=\"auto, (max-width: 565px) 100vw, 565px\" \/><\/a>\n\t\t\t<\/dt><\/dl>\n\t\t\t<br style='clear: both' \/>\n\t\t<\/div>\n\n","protected":false},"excerpt":{"rendered":"","protected":false},"author":1,"featured_media":0,"parent":0,"menu_order":0,"comment_status":"closed","ping_status":"closed","template":"","meta":{"footnotes":""},"class_list":["post-16","page","type-page","status-publish","hentry"],"_links":{"self":[{"href":"https:\/\/akdenizsoftware.com\/OtelWebSitesi-PansiyonWebSitesi\/index.php?rest_route=\/wp\/v2\/pages\/16","targetHints":{"allow":["GET"]}}],"collection":[{"href":"https:\/\/akdenizsoftware.com\/OtelWebSitesi-PansiyonWebSitesi\/index.php?rest_route=\/wp\/v2\/pages"}],"about":[{"href":"https:\/\/akdenizsoftware.com\/OtelWebSitesi-PansiyonWebSitesi\/index.php?rest_route=\/wp\/v2\/types\/page"}],"author":[{"embeddable":true,"href":"https:\/\/akdenizsoftware.com\/OtelWebSitesi-PansiyonWebSitesi\/index.php?rest_route=\/wp\/v2\/users\/1"}],"replies":[{"embeddable":true,"href":"https:\/\/akdenizsoftware.com\/OtelWebSitesi-PansiyonWebSitesi\/index.php?rest_route=%2Fwp%2Fv2%2Fcomments&post=16"}],"version-history":[{"count":2,"href":"https:\/\/akdenizsoftware.com\/OtelWebSitesi-PansiyonWebSitesi\/index.php?rest_route=\/wp\/v2\/pages\/16\/revisions"}],"predecessor-version":[{"id":84,"href":"https:\/\/akdenizsoftware.com\/OtelWebSitesi-PansiyonWebSitesi\/index.php?rest_route=\/wp\/v2\/pages\/16\/revisions\/84"}],"wp:attachment":[{"href":"https:\/\/akdenizsoftware.com\/OtelWebSitesi-PansiyonWebSitesi\/index.php?rest_route=%2Fwp%2Fv2%2Fmedia&parent=16"}],"curies":[{"name":"wp","href":"https:\/\/api.w.org\/{rel}","templated":true}]}}