{"id":2,"date":"2017-08-07T12:15:49","date_gmt":"2017-08-07T12:15:49","guid":{"rendered":"http:\/\/mdspringhotel.com\/?page_id=2"},"modified":"2019-07-26T12:25:36","modified_gmt":"2019-07-26T12:25:36","slug":"mdspringhoteliletisim","status":"publish","type":"page","link":"https:\/\/akdenizsoftware.com\/OtelWebSitesi-PansiyonWebSitesi\/?page_id=2","title":{"rendered":"\u0130LET\u0130\u015e\u0130M"},"content":{"rendered":"<p><img loading=\"lazy\" decoding=\"async\" class=\"alignright wp-image-8\" src=\"http:\/\/mdspringhotel.com\/wp-content\/uploads\/2017\/08\/antalya-mdsripghotel-logo-300x253.jpg\" alt=\"\" width=\"200\" height=\"169\" \/>XXX HOTEL<br \/>\nTEL : <a href=\"tel:\/\/+90 242 228 0120\">+90 242 XXX XXXX<\/a><br \/>\nEmail : <a href=\"mailto:info@mdspringhotel.com\">info@hotel.com<\/a><br \/>\nWeb: <a href=\"http:\/\/www.mdspringhotel.com\">www.hotel.com<\/a><br \/>\nAdres : Alt\u0131nkum Mh. 414 Sk. No : 15 Konyaalt\u0131 Antalya<br \/>\n(<a href=\"https:\/\/drive.google.com\/open?id=1AIGhGBcFAzgk4uI9YaaxBLL-dKg&amp;usp=sharing\">Harita \u0130\u00e7in T\u0131klay\u0131n\u0131z<\/a>)<\/p>\n<p><iframe loading=\"lazy\" src=\"https:\/\/www.google.com\/maps\/d\/u\/0\/embed?mid=1AIGhGBcFAzgk4uI9YaaxBLL-dKg\" width=\"640\" height=\"480\"><\/iframe><\/p>\n","protected":false},"excerpt":{"rendered":"<p>XXX HOTEL TEL : +90 242 XXX XXXX Email : info@hotel.com Web: www.hotel.com Adres : Alt\u0131nkum Mh. 414 Sk. No : 15 Konyaalt\u0131 Antalya (Harita \u0130\u00e7in T\u0131klay\u0131n\u0131z)<\/p>\n","protected":false},"author":1,"featured_media":0,"parent":0,"menu_order":0,"comment_status":"open","ping_status":"open","template":"","meta":{"footnotes":""},"class_list":["post-2","page","type-page","status-publish","hentry"],"_links":{"self":[{"href":"https:\/\/akdenizsoftware.com\/OtelWebSitesi-PansiyonWebSitesi\/index.php?rest_route=\/wp\/v2\/pages\/2","targetHints":{"allow":["GET"]}}],"collection":[{"href":"https:\/\/akdenizsoftware.com\/OtelWebSitesi-PansiyonWebSitesi\/index.php?rest_route=\/wp\/v2\/pages"}],"about":[{"href":"https:\/\/akdenizsoftware.com\/OtelWebSitesi-PansiyonWebSitesi\/index.php?rest_route=\/wp\/v2\/types\/page"}],"author":[{"embeddable":true,"href":"https:\/\/akdenizsoftware.com\/OtelWebSitesi-PansiyonWebSitesi\/index.php?rest_route=\/wp\/v2\/users\/1"}],"replies":[{"embeddable":true,"href":"https:\/\/akdenizsoftware.com\/OtelWebSitesi-PansiyonWebSitesi\/index.php?rest_route=%2Fwp%2Fv2%2Fcomments&post=2"}],"version-history":[{"count":4,"href":"https:\/\/akdenizsoftware.com\/OtelWebSitesi-PansiyonWebSitesi\/index.php?rest_route=\/wp\/v2\/pages\/2\/revisions"}],"predecessor-version":[{"id":96,"href":"https:\/\/akdenizsoftware.com\/OtelWebSitesi-PansiyonWebSitesi\/index.php?rest_route=\/wp\/v2\/pages\/2\/revisions\/96"}],"wp:attachment":[{"href":"https:\/\/akdenizsoftware.com\/OtelWebSitesi-PansiyonWebSitesi\/index.php?rest_route=%2Fwp%2Fv2%2Fmedia&parent=2"}],"curies":[{"name":"wp","href":"https:\/\/api.w.org\/{rel}","templated":true}]}}